{"id":139,"date":"2025-08-05T18:47:28","date_gmt":"2025-08-05T16:47:28","guid":{"rendered":"https:\/\/aviglianabasket.it\/?page_id=139"},"modified":"2026-03-21T18:26:18","modified_gmt":"2026-03-21T17:26:18","slug":"stagione","status":"publish","type":"page","link":"https:\/\/www.aviglianabasket.it\/?page_id=139","title":{"rendered":"Stagione 25-26"},"content":{"rendered":"\t\t<div data-elementor-type=\"wp-page\" data-elementor-id=\"139\" class=\"elementor elementor-139\">\n\t\t\t\t<div class=\"elementor-element elementor-element-29f8e03 e-con-full e-flex e-con e-parent\" data-id=\"29f8e03\" data-element_type=\"container\">\n\t\t\t\t<div class=\"elementor-element elementor-element-cfeb0d8 elementor-widget elementor-widget-spacer\" data-id=\"cfeb0d8\" data-element_type=\"widget\" data-widget_type=\"spacer.default\">\n\t\t\t\t\t\t\t<div class=\"elementor-spacer\">\n\t\t\t<div class=\"elementor-spacer-inner\"><\/div>\n\t\t<\/div>\n\t\t\t\t\t\t<\/div>\n\t\t\t\t<div class=\"elementor-element elementor-element-8b7a07f elementor-widget elementor-widget-heading\" data-id=\"8b7a07f\" data-element_type=\"widget\" data-widget_type=\"heading.default\">\n\t\t\t\t\t<h1 class=\"elementor-heading-title elementor-size-default\">STAGIONE 2025-2026<\/h1>\t\t\t\t<\/div>\n\t\t<div class=\"elementor-element elementor-element-849b08d e-grid e-con-full e-con e-child\" data-id=\"849b08d\" data-element_type=\"container\">\n\t\t<div class=\"elementor-element elementor-element-e043dce e-con-full e-flex e-con e-child\" data-id=\"e043dce\" data-element_type=\"container\">\n\t\t\t\t<div class=\"elementor-element elementor-element-d5fc961 elementor-widget elementor-widget-heading\" data-id=\"d5fc961\" data-element_type=\"widget\" data-widget_type=\"heading.default\">\n\t\t\t\t\t<h2 class=\"elementor-heading-title elementor-size-default\">Visite Mediche<\/h2>\t\t\t\t<\/div>\n\t\t\t\t<div class=\"elementor-element elementor-element-09d52b9 elementor-widget elementor-widget-text-editor\" data-id=\"09d52b9\" data-element_type=\"widget\" data-widget_type=\"text-editor.default\">\n\t\t\t\t\t\t\t\t\t<p>Ogni atleta che, nell&#8217;anno 2026, compia 11 anni di et\u00e0 \u00e8 tenuto ad effettuare visita medica <strong>AGONISTICA<\/strong>. Tale visita deve essere svolta <strong>PRIMA<\/strong> dell&#8217;inizio attivit\u00e0.<\/p><ul><li>Il certificato di idoneit\u00e0 sportiva agonistica puo&#8217; essere rilasciato solo da un medico specialista in medicina dello sport, dopo aver effettuato un&#8217;analisi clinica approfondita ce puo&#8217; comprendere anche esami specialistici<\/li><li>La visita puo&#8217; essere prenotata tramite la societ\u00e0 sportiva o ente di appartenenza laddove la societ\u00e0 effettui questo servizio.<\/li><li>La visita puo&#8217; essere effettuata presso ambulatori delle Aziende Usl, dove potrebbe essere gratuita per i minori, disabili e soggetti esenti, oppure presso centri privati accreditati a pagamento per tutti. (chiedere info alla segreteria per centri medici accreditati).<\/li><li>Va rilevato che i tempi di attesa per le visite presso le Usl sono molto lunghi e potrebbero <strong>NON<\/strong> garantire lo svolgimento della visita stessa entro la data di inizio attivit\u00e0.<\/li><\/ul>\t\t\t\t\t\t\t\t<\/div>\n\t\t\t\t<div class=\"elementor-element elementor-element-6820a8f elementor-widget elementor-widget-heading\" data-id=\"6820a8f\" data-element_type=\"widget\" data-widget_type=\"heading.default\">\n\t\t\t\t\t<h2 class=\"elementor-heading-title elementor-size-default\">Visite mediche UNDER 11<\/h2>\t\t\t\t<\/div>\n\t\t\t\t<div class=\"elementor-element elementor-element-a0b8932 elementor-widget elementor-widget-text-editor\" data-id=\"a0b8932\" data-element_type=\"widget\" data-widget_type=\"text-editor.default\">\n\t\t\t\t\t\t\t\t\t<p>Per gli atleti sotto gli 11 anni \u00e8 necessaria la visita medica per attivit\u00e0 sportiva <strong>NON<\/strong> agonistica. Questa visita puo&#8217; essere effettuata dal medico di base, dal pediatra di libera scelta o da un medico dello sport. La visita ha lo scopo di valutare l&#8217;idoneit\u00e0 alla pratica sportiva e puo&#8217; essere richiesta dalla societ\u00e0 sportiva o dalla scuola. La visita \u00e8 OBBLIGATORIA per lo svolgimento dell&#8217;attivit\u00e0 sportiva.<\/p>\t\t\t\t\t\t\t\t<\/div>\n\t\t\t\t<\/div>\n\t\t<div class=\"elementor-element elementor-element-f382d84 e-con-full e-flex e-con e-child\" data-id=\"f382d84\" data-element_type=\"container\">\n\t\t\t\t<div class=\"elementor-element elementor-element-6349a00 elementor-widget elementor-widget-heading\" data-id=\"6349a00\" data-element_type=\"widget\" data-widget_type=\"heading.default\">\n\t\t\t\t\t<h2 class=\"elementor-heading-title elementor-size-default\">Materiale Sportivo Occorrente<\/h2>\t\t\t\t<\/div>\n\t\t\t\t<div class=\"elementor-element elementor-element-feac838 elementor-widget elementor-widget-text-editor\" data-id=\"feac838\" data-element_type=\"widget\" data-widget_type=\"text-editor.default\">\n\t\t\t\t\t\t\t\t\t<ul><li>Scarpe da basket (da mettersi e togliersi IN palestra prima di uscire)<\/li><li>Pantaloncino<\/li><li>Tuta per mesi invernali<\/li><li>Borraccia per acqua con NOME<\/li><li>Asciugamano<\/li><li>Occorrente per doccia<\/li><li>Cerotti<\/li><\/ul>\t\t\t\t\t\t\t\t<\/div>\n\t\t\t\t<div class=\"elementor-element elementor-element-979362a elementor-widget elementor-widget-text-editor\" data-id=\"979362a\" data-element_type=\"widget\" data-widget_type=\"text-editor.default\">\n\t\t\t\t\t\t\t\t\t<h5>CLICCA SULL&#8217;IMMAGINE PER ISCRIVERTI<\/h5>\t\t\t\t\t\t\t\t<\/div>\n\t\t\t\t<div class=\"elementor-element elementor-element-2671f36 elementor-widget elementor-widget-image\" data-id=\"2671f36\" data-element_type=\"widget\" data-widget_type=\"image.default\">\n\t\t\t\t\t\t\t\t\t\t\t\t\t\t\t\t<a href=\"https:\/\/www.cloud32.it\/GES\/pub\/corsisel\/210812?&#038;rpet=true\" target=\"_blank\" rel=\"noopener\">\n\t\t\t\t\t\t\t<img fetchpriority=\"high\" decoding=\"async\" crossorigin=\"anonymous\" width=\"1024\" height=\"539\" src=\"https:\/\/www.aviglianabasket.it\/wp-content\/uploads\/2025\/08\/ISCRIZIONE_20252026.jpg-1024x539.webp\" class=\"attachment-large size-large wp-image-46\" alt=\"\" srcset=\"https:\/\/www.aviglianabasket.it\/wp-content\/uploads\/2025\/08\/ISCRIZIONE_20252026.jpg-1024x539.webp 1024w, https:\/\/www.aviglianabasket.it\/wp-content\/uploads\/2025\/08\/ISCRIZIONE_20252026.jpg-300x158.webp 300w, https:\/\/www.aviglianabasket.it\/wp-content\/uploads\/2025\/08\/ISCRIZIONE_20252026.jpg-768x404.webp 768w, https:\/\/www.aviglianabasket.it\/wp-content\/uploads\/2025\/08\/ISCRIZIONE_20252026.jpg-1536x808.webp 1536w, https:\/\/www.aviglianabasket.it\/wp-content\/uploads\/2025\/08\/ISCRIZIONE_20252026.jpg.webp 1995w\" sizes=\"(max-width: 1024px) 100vw, 1024px\" title=\"\">\t\t\t\t\t\t\t\t<\/a>\n\t\t\t\t\t\t\t\t\t\t\t\t\t\t\t<\/div>\n\t\t\t\t<\/div>\n\t\t\t\t<\/div>\n\t\t\t\t<\/div>\n\t\t<div class=\"elementor-element elementor-element-cf87b59 e-grid e-con-full e-con e-parent\" data-id=\"cf87b59\" data-element_type=\"container\" data-settings=\"{&quot;background_background&quot;:&quot;classic&quot;}\">\n\t\t<div class=\"elementor-element elementor-element-53f66f3 e-flex e-con-boxed e-con e-child\" data-id=\"53f66f3\" data-element_type=\"container\" data-settings=\"{&quot;background_background&quot;:&quot;classic&quot;}\">\n\t\t\t\t\t<div class=\"e-con-inner\">\n\t\t\t\t<div class=\"elementor-element elementor-element-b1ce9a1 elementor-widget elementor-widget-heading\" data-id=\"b1ce9a1\" data-element_type=\"widget\" data-widget_type=\"heading.default\">\n\t\t\t\t\t<h6 class=\"elementor-heading-title elementor-size-default\">Per ogni informazione contattaci usando il form<\/h6>\t\t\t\t<\/div>\n\t\t\t\t\t<\/div>\n\t\t\t\t<\/div>\n\t\t\t\t<div class=\"elementor-element elementor-element-9bf747c elementor-widget elementor-widget-shortcode\" data-id=\"9bf747c\" data-element_type=\"widget\" data-widget_type=\"shortcode.default\">\n\t\t\t\t\t\t\t<div class=\"elementor-shortcode\">[wpforms id=\"215\"]<\/div>\n\t\t\t\t\t\t<\/div>\n\t\t\t\t<\/div>\n\t\t\t\t<\/div>\n\t\t","protected":false},"excerpt":{"rendered":"<p>STAGIONE 2025-2026 Visite Mediche Ogni atleta che, nell&#8217;anno 2026, compia 11 anni di et\u00e0 \u00e8 tenuto ad effettuare visita medica [&hellip;]<\/p>\n","protected":false},"author":1,"featured_media":0,"parent":0,"menu_order":0,"comment_status":"closed","ping_status":"closed","template":"","meta":{"site-sidebar-layout":"default","site-content-layout":"","ast-site-content-layout":"default","site-content-style":"default","site-sidebar-style":"default","ast-global-header-display":"","ast-banner-title-visibility":"","ast-main-header-display":"","ast-hfb-above-header-display":"","ast-hfb-below-header-display":"","ast-hfb-mobile-header-display":"","site-post-title":"disabled","ast-breadcrumbs-content":"","ast-featured-img":"","footer-sml-layout":"","theme-transparent-header-meta":"","adv-header-id-meta":"","stick-header-meta":"","header-above-stick-meta":"","header-main-stick-meta":"","header-below-stick-meta":"","astra-migrate-meta-layouts":"default","ast-page-background-enabled":"default","ast-page-background-meta":{"desktop":{"background-color":"var(--ast-global-color-5)","background-image":"","background-repeat":"repeat","background-position":"center center","background-size":"auto","background-attachment":"scroll","background-type":"","background-media":"","overlay-type":"","overlay-color":"","overlay-opacity":"","overlay-gradient":""},"tablet":{"background-color":"","background-image":"","background-repeat":"repeat","background-position":"center center","background-size":"auto","background-attachment":"scroll","background-type":"","background-media":"","overlay-type":"","overlay-color":"","overlay-opacity":"","overlay-gradient":""},"mobile":{"background-color":"","background-image":"","background-repeat":"repeat","background-position":"center center","background-size":"auto","background-attachment":"scroll","background-type":"","background-media":"","overlay-type":"","overlay-color":"","overlay-opacity":"","overlay-gradient":""}},"ast-content-background-meta":{"desktop":{"background-color":"var(--ast-global-color-4)","background-image":"","background-repeat":"repeat","background-position":"center center","background-size":"auto","background-attachment":"scroll","background-type":"","background-media":"","overlay-type":"","overlay-color":"","overlay-opacity":"","overlay-gradient":""},"tablet":{"background-color":"var(--ast-global-color-4)","background-image":"","background-repeat":"repeat","background-position":"center center","background-size":"auto","background-attachment":"scroll","background-type":"","background-media":"","overlay-type":"","overlay-color":"","overlay-opacity":"","overlay-gradient":""},"mobile":{"background-color":"var(--ast-global-color-4)","background-image":"","background-repeat":"repeat","background-position":"center center","background-size":"auto","background-attachment":"scroll","background-type":"","background-media":"","overlay-type":"","overlay-color":"","overlay-opacity":"","overlay-gradient":""}},"footnotes":""},"class_list":["post-139","page","type-page","status-publish","hentry"],"_links":{"self":[{"href":"https:\/\/www.aviglianabasket.it\/index.php?rest_route=\/wp\/v2\/pages\/139","targetHints":{"allow":["GET"]}}],"collection":[{"href":"https:\/\/www.aviglianabasket.it\/index.php?rest_route=\/wp\/v2\/pages"}],"about":[{"href":"https:\/\/www.aviglianabasket.it\/index.php?rest_route=\/wp\/v2\/types\/page"}],"author":[{"embeddable":true,"href":"https:\/\/www.aviglianabasket.it\/index.php?rest_route=\/wp\/v2\/users\/1"}],"replies":[{"embeddable":true,"href":"https:\/\/www.aviglianabasket.it\/index.php?rest_route=%2Fwp%2Fv2%2Fcomments&post=139"}],"version-history":[{"count":118,"href":"https:\/\/www.aviglianabasket.it\/index.php?rest_route=\/wp\/v2\/pages\/139\/revisions"}],"predecessor-version":[{"id":5865,"href":"https:\/\/www.aviglianabasket.it\/index.php?rest_route=\/wp\/v2\/pages\/139\/revisions\/5865"}],"wp:attachment":[{"href":"https:\/\/www.aviglianabasket.it\/index.php?rest_route=%2Fwp%2Fv2%2Fmedia&parent=139"}],"curies":[{"name":"wp","href":"https:\/\/api.w.org\/{rel}","templated":true}]}}